. Let h be n(10). Let o be (-1*3)/(30/h). List the prime factors of q(o).
2, 3
Suppose 5*w = 3*y + 48039 + 46864, 0 = -3*w + 3*y + 56943. Suppose 0 = 168*c - 181*c + w. List the prime factors of c.
2, 5, 73
Suppose 0 = -n + 5*m + 10882, -3*n - 3806 = -4*m - 36463. List the prime factors of n.
3, 19, 191
What are the prime factors of 6 + ((-8)/(-20) - (-1288632)/120)?
5, 7, 307
Let i be 22 - 25 - (-13 + 2 + -2). List the prime factors of (-30)/75 - (-4884)/i.
2, 61
Suppose -2*z = a - 404, -z = 4*a - 1385 - 238. Let f = 613 - a. What are the prime factors of f?
3, 23
What are the prime factors of (3/(-9))/(-9 + (-4983055)/(-553674))?
2, 8389
Suppose 248244 + 38631 = 51*a. What are the prime factors of a?
3, 5
Let f(g) = 1042*g - 15668. List the prime factors of f(56).
2, 3, 3557
Suppose -4*k + 5*g = -891, 2*k + 46 = -4*g + 498. Let h = 135 + k. List the prime factors of h.
359
Let w(o) = 6*o + 30. Let x be w(5). Let k be x/50*(-5)/(-2). Suppose 5*i - 736 = 2*g, -k*i + 2*g = -5*i + 300. What are the prime factors of i?
2, 37
Suppose 32895 = -80*l + 83*l + 4*o, -3*o = -18. List the prime factors of l.
10957
Suppose -2*n - 5*k = -344, 2*n - k - 67 = 277. Let w = 1099 - n. List the prime factors of w.
3, 103
Suppose n = -4*h - 776, -h - 4*n = -0*h + 179. Let y be h/(-1) + -10 + 11. Let p = y - 140. What are the prime factors of p?
2, 7
Let i be 2 + (3/12)/(2/184). Suppose -13 = w - i. Suppose 176 = l - w. What are the prime factors of l?
2, 47
Suppose -12884 = -11*v + 4265. List the prime factors of v/3 + (-6)/9.
3, 173
Suppose 3*c + 68 = 7*c. Suppose 4*n - 5*g + 10 + c = 0, 2*g + 6 = -4*n. What are the prime factors of 8/(-6)*(-1 + n + -2)?
2
Let l(g) = -13*g + 15. Let a(z) = -1. Let f(t) = 6*a(t) + l(t). Let i be (4/(-3))/((-2)/(-6)). List the prime factors of f(i).
61
Suppose 47848 = 17*r - 139016. List the prime factors of r.
2, 3, 229
Let t(o) = 92*o - 93. Suppose -41*n = -20*n - 105. List the prime factors of t(n).
367
Let i(y) = 43*y**2 + 29*y + 7. Let k be i(-9). Suppose -4*n - 1165 = -k. What are the prime factors of n?
2, 3, 43
Let w = 322 + -13. Let f = w + -54. What are the prime factors of f?
3, 5, 17
Suppose 112184 = 42*v - 22762. Let w = v - 1809. What are the prime factors of w?
2, 3, 13
Suppose 4*m - 2105 = -d - 739, -3*d - 2*m = -4118. List the prime factors of d.
2, 3, 229
Let r be 16/(128/760)*15*1. List the prime factors of 5/(-15) - r/(-9).
2, 79
Suppose -137*v + 123*v = -70. Suppose v*g - 806 = 4624. What are the prime factors of g?
2, 3, 181
Let w(a) = 3*a**3 - 13*a**2 + 8*a + 1. Let d be w(9). Suppose -452 = 5*y - d. What are the prime factors of y?
151
Suppose m = 88 - 16. Let r = m - -309. What are the prime factors of r?
3, 127
Let l(d) be the first derivative of -13*d**2/2 + 14*d + 8. Let c be l(-8). Let s = -53 + c. List the prime factors of s.
5, 13
Suppose 2*l - 3*g + 4 - 1 = 0, 0 = l - 4*g + 4. Suppose l = -25*f - 3950 + 17375. List the prime factors of f.
3, 179
Let z(p) = 113*p + 1272. List the prime factors of z(63).
3, 2797
Let h be (-2)/4 + 555/10. Let m = -3356 - -3258. Let f = h - m. List the prime factors of f.
3, 17
Let g(k) = 1109*k**3 + 3*k**2 + k + 5. Let p(r) = -555*r**3 - r**2 - 3. Let c(u) = -3*g(u) - 5*p(u). What are the prime factors of c(-1)?
19, 29
Let j(w) = -17*w - 24. Let u be j(-45). Suppose -12*o + 6087 + u = 0. What are the prime factors of o?
569
Let q(g) = 3*g + 12*g - 2 + 0*g. Let k(a) = 30*a + 3069. Let h be k(-102). What are the prime factors of q(h)?
7, 19
Let o be 6/(-8) - 165/20. Let h be (-2)/o + 2/((-72)/(-244)). Suppose -h*g = -980 + 294. List the prime factors of g.
2, 7
Suppose -9*t + 121 = 2*t. Let j(y) = y - 1. Let u be j(t). List the prime factors of 66/(-5)*6*u/(-9).
2, 11
What are the prime factors of 3 + -1 + 1 + (83598/6 - 7)?
3, 4643
Let o(p) = p**2 - 12*p - 11. Suppose -5*s + 86 = 21. Let t be o(s). What are the prime factors of (41/t)/(5/30)?
3, 41
Suppose 6*h - 3*h = -24. Let u = 304 + -290. What are the prime factors of (-6)/h*(-7)/(u/(-64))?
2, 3
Let z = -35 + 37. Suppose -4*c + z*p = -0*p - 1082, 3*c = 5*p + 815. Suppose -c = -3*v + 258. What are the prime factors of v?
2, 11
Suppose 13*c - 455 - 12805 = 0. Suppose n = 2*a + c, -2*n + 5*a - 3*a + 2044 = 0. List the prime factors of n.
2
Let k be (50/(-15))/((-1)/(-3)). List the prime factors of (-2)/(-8) - (4774/(-8) + k).
607
Let y(u) = -3*u - 3. Let j(c) = -3*c. Let l be j(2). Let f be y(l). Suppose -f = -5*a - 5*m + m, 0 = m. What are the prime factors of a?
3
Let g(r) = 16*r**2 - 27*r - 495. What are the prime factors of g(48)?
3, 433
Let h(w) = -w**2 - 57*w - 75. Suppose -2*f - 123 = 4*n + f, -2*n - 3*f - 69 = 0. List the prime factors of h(n).
3, 5, 7
Let s(n) = -90*n + 22841. List the prime factors of s(0).
7, 13, 251
Let p be 7*(162/21 + -6 + 6). Suppose p*l + 452 = 55*l. List the prime factors of l.
2, 113
List the prime factors of (1/9)/((-4)/(-18))*(-1 - -80675).
11, 19, 193
Let c = -1393 - -2637. What are the prime factors of (-36)/(-9) - (-5 - c)?
7, 179
Let o(t) = -9*t + 216. Let z be o(19). Let h(w) = 39*w - 345. What are the prime factors of h(z)?
2, 3, 5, 47
What are the prime factors of 8395/4 - (-84)/(-112)?
2, 1049
Let a(s) be the second derivative of 0 + 15*s - 1/6*s**3 + 1/2*s**2 + 1/12*s**4 + 177/20*s**5. List the prime factors of a(1).
2, 89
Suppose 4*h = 4*j + 28, 4*j = 9*j - 4*h + 33. Let d(m) be the third derivative of -m**4/8 + 5*m**3/6 + 16*m**2. List the prime factors of d(j).
2, 5
Let y(x) = -4*x**3 + 24*x**2 - 14*x + 107. What are the prime factors of y(-8)?
3803
Suppose -5*b + 2*b - 3 = u, 4*u - 39 = 5*b. Suppose -4*f + u = -f. Suppose -f*q = 3*q, 23 = j + 4*q. List the prime factors of j.
23
Let q(x) = x**2 - 7*x - 24. Suppose -7*r + r = -72. Let d be q(r). Suppose -8*y + 3*y + d = 2*n, 5*n + 2*y = 90. List the prime factors of n.
2, 3
Let v = 22 + -16. Let t(w) = w**2 - 4*w - 5. Let m be t(v). Suppose -104 = -h - m. List the prime factors of h.
97
Suppose -11 = -2*r + 2*g + 1, 26 = 5*r - g. Suppose 0*y - 45 = 5*y - 5*v, 0 = -r*v + 20. What are the prime factors of 67*(4 - (-10)/y)?
2, 67
Let w = 36509 - -9376. List the prime factors of w.
3, 5, 7, 19, 23
What are the prime factors of 360336/10 + -1 - 20*(-69)/(-2300)?
2, 563
Let q(v) = -33*v - 199. Let i be q(-6). List the prime factors of (144/90)/(i/(-5*213)).
2, 3, 71
Let h(i) = 6*i**2 + 7*i - 29. Let c be h(5). Let u = c - 154. List the prime factors of u/8 + 1/(-4)*-395.
3, 11
Let r = 12 + -3. Suppose r*d + 1045 + 1619 = 0. Let p = -198 - d. What are the prime factors of p?
2, 7
Suppose 640 = 5*a + 5*l, 2*l - 227 = -5*a + 419. Let x = 241 + -162. Suppose 77*y = x*y - a. What are the prime factors of y?
5, 13
Let l = -29 - -29. Suppose 2*s - 6 + 10 = l. List the prime factors of (2*s/(-4))/(12/1884).
157
Suppose 10*z - 64294 = -7*z. What are the prime factors of z?
2, 31, 61
Let t = 15481 - 8841. List the prime factors of t.
2, 5, 83
Let n be -24 + -21 + 10/(2/1). What are the prime factors of (-32)/n + (-4263)/(-15)?
3, 5, 19
Let h be 24375/9 + 26/(-78). Suppose 2*p + h = 4*o - 472, -5*p + 2359 = 3*o. List the prime factors of o.
13, 61
Suppose 0 = 2*q + q - 66. Let n = -22 + q. Suppose 12 = -4*r, 2*g - 2*r = -n*g + 96. What are the prime factors of g?
3, 5
Let h(c) = -40*c**3 - c**2 - 1. Let j be h(-1). Let k be (-7)/63 + j/18. Suppose 6*a - 9*a + x + 615 = 0, 402 = k*a + 2*x. What are the prime factors of a?
2, 3, 17
Suppose 0 = -2*s + 4, -2*h + 3*s - 88 = -0*s. Let g = h + 37. List the prime factors of 3444/54 + g/(-18).
2
Let x be (1 - (-2)/(-1))/(31/(-93)). Suppose 3*o - 4*f + 0 + 3 = 0, 0 = -x*f. List the prime factors of (o + 1 - -1) + 2508/22.
5, 23
Suppose 5*n = 6*n - l - 181, -5*n + 860 = 4*l. Let q = n - 139. List the prime factors of q.
37
Let i(c) be the first derivative of 4*c + 14 - 1/4*c**4 - 3*c**2 + 3*c**3. What are the prime factors of i(3)?
2, 5
Let a(o) = -4*o**2 + 4*o**2 - 7*o + 3*o**2 + 11. Let b be ((-480)/(-288))/(2/12*2). What are the prime factors of a(b)?
3, 17
Suppose 14*k - 50837 - 95085 = 0. List the prime factors of k.
7, 1489
Let v = 467 + -143. Suppose -2*g = 5*h - v, -3*g + 486 = 4*h - 5*h. List the prime factors of g.
2, 3
Let w = 342 - 893. Let y = 901 + w. What are the prime factors o